s**2 - 21*s + 5. Let l(y) = -7*h(y) + 4*r(y). Suppose c - 3 + 7 = 0. Calculate l(c).
11
Let c be (5 + -1)/(4/(-6)). Let b(h) = h**2 + 7*h + 4. Give b(c).
-2
Let z(b) = b**2 + 2*b - 5. Let q be z(-4). Let o(x) = 2*x**2 + 7*x + 5. Let p(v) = 2*v**2 + 6*v + 4. Let g(a) = q*p(a) - 2*o(a). Let k = -5 - -2. What is g(k)?
8
Let m(p) be the third derivative of p**5/60 - p**4/3 + p**3/2 - p**2. Suppose 2*l - 3 = 2*x + 1, -3*x = -5*l + 18. Determine m(l).
-9
Suppose 2*y - 2*h = -2*y + 18, 0 = 4*y + 2*h - 6. Let z be (-1)/3 + 46/y. Suppose 0 = -4*p + 3*w - 31, -3*w = -0 - z. Let f(s) = 2*s**2 + 5*s - 4. What is f(p)?
8
Let s(k) = 2*k**2 - 2*k - 1. Let g be (3 + -4 - 0)/((-1)/(-2)). Calculate s(g).
11
Let w(s) be the third derivative of -s**4/8 - 2*s**3/3 - 2*s**2. Suppose 3*r + 8 = 5*r. Let a be ((-6)/r)/(12/32). Give w(a).
8
Let t(w) = w**2 + 9*w + 8. Let y be 7/21 - (-25)/(-3). Determine t(y).
0
Let u = 22 - 37. Let f = u - -20. Let a(b) = -b**2 + 4*b - 1. Determine a(f).
-6
Let j(a) = a**3 - 5*a**2 - 4*a - 1. Let i be 11 - 2/((-2)/(-5)). What is j(i)?
11
Let u(n) = 1 + 12 - 8 - 4*n - 1. Let y(c) = -7*c + 7. Let g(x) = -5*u(x) + 3*y(x). Give g(3).
-2
Let o(m) = m - 11. Let f be o(17). Let h(k) = k**2 - 5*k - 7. Calculate h(f).
-1
Let y(j) be the third derivative of -j**6/120 + j**5/12 + j**4/4 - 4*j**3/3 + 2*j**2 - 2. What is y(6)?
-8
Let x(n) = 296*n - 147*n + 3 - 146*n. Let y be (-3 - -1)/(-1 - -2). Determine x(y).
-3
Let o(a) be the third derivative of 0*a + 1/6*a**3 - 3/8*a**4 + 3*a**2 + 0. Calculate o(1).
-8
Suppose -5*c = -2*d - 1 - 9, c = -2*d + 14. Let z(h) = 9*h + 4. Let b(u) = -10*u - 3. Let a(t) = d*b(t) + 4*z(t). Give a(1).
-13
Let v(y) = 16*y - 1. Let o(j) = 79*j - 5. Let r(q) = 2*o(q) - 11*v(q). Calculate r(1).
-17
Let p(h) = 5*h**2 + 11*h - 6. Let i(b) = -2*b - b**2 + 3 + 0 - 2. Let f(z) = -11*i(z) - 2*p(z). Give f(0).
1
Suppose 5*f = 2*p - 27, 4*f = 5*p - 2*p - 23. Let r(h) = -h**3 - 4*h**2 + 6*h + 7. Let l be r(f). Let m(i) = -2*i - l - i + i. Give m(2).
-6
Let a(r) be the third derivative of r**4/6 + r**3/3 + r**2. Calculate a(-2).
-6
Suppose 5*r + 5*b - 45 = 0, 5*r - 4*b = -0*r. Suppose 7*z - r*z = 12. Let k(m) = 4*m - 2*m**2 - 2*m**2 + 3*m**2 + z. Give k(5).
-1
Let l(b) = 4*b - 2. Suppose 39 - 7 = f. Suppose -3*o + f = -r, 0*o + 3*o - 2*r - 34 = 0. Suppose -6*k + k = o. What is l(k)?
-10
Let r be ((-7)/(-4) - (-27)/(-36)) + 0. Let o(w) = -7*w**2 + 2*w - 1. Give o(r).
-6
Let k(r) = 0*r**3 - 3*r + 5*r**2 - 2 - 2*r + r**3 + 8. Determine k(-6).
0
Let t(z) = 3*z**2 + 6*z. Let o(j) = -j**2 - j. Let u(s) = 6*o(s) + t(s). Give u(1).
-3
Let w(i) = 3 - 3 + 3*i - i**2. Suppose 0 = -2*u + 10 - 2. Calculate w(u).
-4
Let f = 5 - 3. Let x(q) = 13*q + q**2 - 11*q - 19*q**3 - 1 - 2*q**f. Give x(1).
-19
Let b(w) be the second derivative of -w + 1/3*w**3 + w**2 + 0. Determine b(-3).
-4
Let w be (6/15 - 0)*5. Let l(i) = -i**3 + 3*i**2 - 2*i + 2. Let h be l(w). Suppose 0 = -h*x - 4*a - 2, -5*a + 9 + 1 = 5*x. Let j(t) = t - 5. What is j(x)?
0
Suppose 18*v - 10 = 13*v. Let w(u) = 5 - u**3 + 189*u**v + 1 - 183*u**2 - 5*u. What is w(5)?
6
Let z(u) = u**2 + 2*u + 1. Suppose 4*o = -29 - 7. Let b = 7 + o. Give z(b).
1
Let k(h) = -2*h**3 - 2*h**2 + 1. Let m be k(-1). Let r(x) be the second derivative of -x**4/3 - x**2/2 - x. Calculate r(m).
-5
Suppose -t - o = -1, -5*o - 45 = -4*t - t. Let n(m) = m**2 + 5*m - 4. Let u(z) = -z**2 + z. Let p(f) = n(f) + 2*u(f). Calculate p(t).
6
Suppose -2*j + 1 = -7. Let p(z) = z**3 + 2*z**2. Let c be p(-2). Let d(n) = -4*n**2 - 3 + 4*n**3 - 3*n + n**2 + c - 3*n**3. Give d(j).
1
Let f(y) be the second derivative of -y**3/3 - 3*y**2 - 2*y - 5. Give f(-5).
4
Let j(u) = 5*u**2 - 2*u + 1. Suppose 4*q = -3 + 11. Calculate j(q).
17
Let q(o) be the first derivative of -2*o + 1/2*o**2 - 2. Determine q(-4).
-6
Let j(y) = y**3 + 6*y**2 + 3 - 11 - 4*y + y. Suppose -12*m - 78 + 6 = 0. What is j(m)?
10
Let f(h) = -2*h + 0*h**2 - 2*h + 7 - h**2 + 0. Suppose 4*c + 3 = -37. Let v = c + 5. Calculate f(v).
2
Let n = -3 + 5. Let d(j) = 2 - 5*j + n*j + 2*j. Let a = -145 - -148. Calculate d(a).
-1
Suppose 4*f = h - 1 + 7, 3*f = 4*h - 2. Let o(v) = 3*v**3 - 4*v**2 + 4*v - 3. Calculate o(f).
13
Let j be 48/(-27) + (-80)/36 + 2. Let u(w) = -2*w**3 - 3*w**2 - 3*w - 2. Give u(j).
8
Let s = -11 - -7. Let x be (-1)/(7/2 + s). Let a(q) = 2*q**3 + q**2 - 3*q + 1. Calculate a(x).
15
Let g(a) = -2*a - 4. Let i = -6 - -7. Let y(r) = -4*r**3 - r**2 + r. Let h be y(i). What is g(h)?
4
Let z(m) = m**3 + 5*m**2 - 8*m - 6. Suppose 2*u + 2 = 0, 5*w = -0*u - u + 4. Suppose 23 = -4*f - w. Calculate z(f).
6
Let d be 15/6 - (-3)/(-6). Suppose d*i - 2 = -6. Let y(x) = -2*x - 3. Calculate y(i).
1
Let y(k) = -k. Let d(u) = u**3 - u**2 - 4*u + 3. Let j be d(2). Let w(n) = n**3 - 6*n**2 - 3*n - 9. Let o(g) = j*w(g) + 5*y(g). What is o(6)?
-3
Let d be -3 - (-3)/(6/4). Let g(q) be the third derivative of 0 + 0*q + q**2 + 1/24*q**4 - 1/6*q**3. Give g(d).
-2
Let q(r) be the first derivative of -1 + 1/4*r**4 + 4*r - 3/2*r**2 + 4/3*r**3. What is q(-5)?
-6
Let d(q) = q**2 + 5*q + 3. Let o be d(-3). Let p(i) = -11*i + 6. Let c = 8 + 5. Let z(h) = 5*h - 3. Let g(k) = c*z(k) + 6*p(k). What is g(o)?
0
Let i(u) = 3*u**2 + 6*u + 2. Let l(m) = 2*m**2 + 5*m + 2. Let p(w) = -3*i(w) + 4*l(w). Give p(3).
-1
Let o(y) = -y - 8. Let q(k) = -5*k - 12. Let n be q(-9). Suppose 4*x - 13 = -n. Give o(x).
-3
Suppose 2 = -j + 8. Let b(o) = -2*o - 1. Calculate b(j).
-13
Let v(u) = u + 1. Let q(s) = 4*s + 5. Let z(m) = -q(m) + 5*v(m). Let d(a) = 2*a + 5. Let c be d(-2). Give z(c).
1
Let s(u) = u**2 - 4*u - 7. Let i(n) = -n**3 + 5*n**2 - 2*n - 3. Let d be i(4). Let a(h) = h**2 - 5*h + 5. Let l be a(d). Give s(l).
-2
Let v(a) = 4*a**3 + 2*a**2 - a**2 - 1 - 3*a**3. Let w(n) = -4*n**3 - 8*n**2 + n + 4. Let c = 20 + -15. Let x(q) = c*v(q) + w(q). Calculate x(2).
-3
Let g(r) = r + 12. Let n be g(-5). Let m(x) = -x**3 + 8*x**2 - 9*x + 10. Give m(n).
-4
Let s(o) = o**3 - 3*o**2 - 2*o + 1. Let r(f) = -f**3 - 9*f**2 + 3. Let m be r(-9). Let z(k) = -k**2 + 4*k - 5. Let j be z(m). Determine s(j).
-15
Let s(i) be the third derivative of 0 - 8*i**2 - 1/24*i**4 + i**3 + 0*i. Determine s(0).
6
Suppose -2*y + 4 = 2*y - 3*a, -y + 3*a = -10. Let d be y + (-1 - 15*-1). Let x be (d/15)/((-1)/5). Let s(w) = -2*w - 1. Calculate s(x).
7
Let q(y) be the first derivative of y**4/4 + y**3 - 3*y**2 - 3*y + 1. Let g(n) = n**2 - n - 168. Let i be g(0). Let b be (-2)/11 - i/(-44). Determine q(b).
5
Suppose 0 = 2*q + h + 3 + 1, 2*q - 3*h + 20 = 0. Let j = 10 + q. Let n(t) = -2*t - 3 - t**2 + j - 3*t. Determine n(-5).
3
Let y be 15/(-6)*(-4 - (-42)/15). Let d(h) = 2*h**3 - 4*h**2 + 2*h - 2. Determine d(y).
22
Let u(j) = 7*j - 4*j**2 - 13*j**2 + 11*j**2 - 5 + j**3. What is u(4)?
-9
Let x(t) = -5*t**2 + 6*t - 2. Let u(o) = o**2 - 2*o. Let j(n) = 6*u(n) + x(n). Give j(7).
5
Let z(o) = 2*o**2 + 3*o - 1. Let n(c) = 2*c**3 - c**2 + c + 1. Let t(p) = p**3 - 3*p**2 - 3*p - 5. Let x be t(4). Let k be n(x). Determine z(k).
8
Suppose -5*f - 4*c - 2 = 0, 2*c + 0*c + 8 = f. Let p(o) = -1 + o**f - o**3 + 3*o - 3*o**2 - 2*o**3 - o. Let d be (-2 + -1)*1/(-3). Determine p(d).
-4
Let y(o) = 7*o + 6. Let q(h) = 6*h + 5. Let j(i) = -6*q(i) + 5*y(i). What is j(-1)?
1
Let g be (-45)/6 + 1/(-2). Let s be 5/2*g/10. Let c(f) = f**2 - 3*f - 2. Let r(l) = 2*l**2 - 7*l - 5. Let x(b) = -9*c(b) + 4*r(b). Determine x(s).
-4
Let a(r) = -72*r - 16. Let l(b) = -13*b - 3. Let c(z) = 5*a(z) - 28*l(z). Calculate c(-4).
-12
Let y(l) = l**3 - l**2 + l - 9. Suppose -2*a = -3*a + 5*s, 2*a + 3*s = 0. What is y(a)?
-9
Let b(i) = 6*i + 69 + 77 + 9*i**2 - 149 - 2*i**2 + i**3. Let y = -8 - -2. What is b(y)?
-3
Let f(k) = k**3 - 12*k**2 + k + 16. Let o be f(12). Let i = o - 24. Let v(m) be the third derivative of -m**5/60 + 5*m**4/24 - m**3/3 - m**2. Give v(i).
2
Let h(u) = 4 - 1 + 2 - 6 + 4*u + 7*u**2 + u**3. Determine h(-6).
11
Let f = -5 + 5. Suppose f = 5*o + 6 + 4. Let i(g) = g**2 - g - 2. What is i(o)?
4
Let i(o) = -o**3 + 8*o**2 + 6*o + 4. Let m(a) = -a**3 - 5*a**2 + 1. Let k be m(-5). Let z(l) = -l**2 - 1. Let f(h) = k*i(h) + 5*z(h). Calculate f(4).
7
Let s(a) = -2*a - 2*a**2 + a**2 + 3 + 0. Let x be (-25)/(-5) + (1 - 0). Suppose x*p - 2*p + c = -12, 4*p = -5*c + 4. Give